remainder when q is divided by 26?
23
Suppose -3*n - 36 = -111. What is the remainder when 129 is divided by n?
4
Let u be (4 + -8 - -6) + -1. Let d = u + -2. Let x(h) = -15*h - 2. Calculate the remainder when 49 is divided by x(d).
10
Suppose -8 = -3*m + m, 2 = -3*h + 2*m. Suppose -2*f - h*f + 33 = c, 31 = 3*f + 2*c. What is the remainder when 10 is divided by f?
3
Suppose 9*a - 212 = -s + 10*a, 3*s - 5*a = 642. What is the remainder when s is divided by 17?
5
Let m = 56 - -41. Calculate the remainder when m is divided by 3 + (6 - -4) + -2.
9
Suppose -5 = -5*g + 2*n + 9, 0 = g - 2*n - 6. Let k(y) = y**2 - 2*y - 2. Let q be k(4). Calculate the remainder when g/q + (-56)/(-12) is divided by 3.
2
Suppose 10*y = 2*y + 32. Suppose -y*n + 4*t + 24 = 0, 4*n - 5*t = -0*t + 23. Calculate the remainder when 4*(-4 - (-21)/2) is divided by n.
5
Suppose 2*r = z - 99, -4*z + z = -5*r - 299. Let h = 153 - z. Calculate the remainder when h is divided by 13.
11
Let q(i) = -i**2 + 4*i + 14. Let f be q(6). Calculate the remainder when 17 is divided by 1 + f - (-8 - -5).
5
Let q(l) = l**2 + 13*l - 26. Let c be q(-15). Suppose -c*a = -0 - 16. Calculate the remainder when 24 is divided by a.
0
Let j(s) = 2*s**3 - s**2 - s - 2. Let h(r) = 199*r**3 + 2*r**2 - 1. Let b be h(-1). Let t = b + 201. Calculate the remainder when j(2) is divided by t.
2
Suppose 54 = -1244*j + 1250*j. Calculate the remainder when 79 is divided by j.
7
Suppose 16*m - 1898 - 102 = 0. Calculate the remainder when m is divided by 5.
0
Suppose -3 - 5 = 2*k. Suppose 5*u = 2*f + 11, 0 = -f - 2*f + 2*u + 11. What is the remainder when k - (-2 + -13)/1 is divided by f?
4
Let z(g) = g**3 + 11*g**2 + 21*g - 32. What is the remainder when 182 is divided by z(-7)?
12
Let x = -86 - -135. Suppose 0 = -12*u + x + 83. What is the remainder when u is divided by 5?
1
Let z be (-870)/(-8) + 3/12. Suppose 0 = 7*h - z + 11. Calculate the remainder when 81 is divided by h.
11
What is the remainder when 115 is divided by (30/9 - 2)*(-459)/(-36)?
13
What is the remainder when 279 is divided by ((-508)/78 - 54/351)*-6?
39
Let x(s) = -24*s + 23. Calculate the remainder when x(-6) is divided by (-8)/20*(-35)/(-4)*-6.
20
Let y be 3/9 - (0 + (-5)/3). Let a = -5 + 7. Suppose y*c = -a*c + 76. Calculate the remainder when c is divided by 5.
4
Let q(s) be the second derivative of 7/6*s**3 + s + s**2 + 0. Calculate the remainder when q(3) is divided by 12.
11
Let l(g) = -g**3 - 4*g**2 - 4*g + 7. Suppose 13*x = -43 - 9. What is the remainder when 91 is divided by l(x)?
22
Suppose 6*a = 35*a - 8004. What is the remainder when a is divided by 41?
30
Let c(y) = -y**3 - 9*y**2 + 5*y - 18. What is the remainder when c(-11) is divided by 57?
55
Let s(a) = 5*a + 2. Suppose -54 = -2*y - 12. Calculate the remainder when y is divided by s(2).
9
Suppose 3*a = 2*l - 52, -5*l + 111 = -0*a + 2*a. What is the remainder when 31 is divided by l?
8
Suppose -10 = -2*f, -18*r + 17*r = -3*f - 13. Calculate the remainder when 46 is divided by r.
18
Suppose 2*w - 8 = 2. Suppose w*j = 33 + 12. Let m = j - -73. What is the remainder when m is divided by 21?
19
Let t = -75 + 137. Suppose -7*o + 55 = -2*o. Calculate the remainder when t is divided by o.
7
Suppose -4*h + p + 566 = 0, -2*h - 418 = -5*h + 4*p. Let u = h + -89. What is the remainder when u is divided by 31?
22
Suppose 3 = 3*o - 2*o. Let n(f) = -f**3 + 11*f**2 + 13*f + 10. Let d be n(12). Suppose -4*g = -d - 22. Calculate the remainder when g is divided by o.
2
Suppose l = -47 + 106. Suppose 6*t - 13 = l. What is the remainder when 57 is divided by t?
9
Suppose 2*r - 25 = -3*r. Suppose -53*g + 276 = -41*g. Calculate the remainder when g is divided by r.
3
Let z(y) = -y**3 - 11*y**2 - 129*y - 1930. Let c(g) = g**2 - 6*g - 1. Let o be c(4). What is the remainder when z(-13) is divided by (-2)/o + 259/9?
27
Let p = -20 - -74. Let m = -33 + p. Suppose -m*n + 36 = -18*n. Calculate the remainder when 20 is divided by n.
8
Let i(s) = 4*s + 2. Let f(n) = 90*n - 384. What is the remainder when f(5) is divided by i(4)?
12
Suppose 5*n - 2*f + 6*f = 104, 3*n - f - 59 = 0. What is the remainder when 138 is divided by n?
18
Suppose -7*n + 518 = -0*n. Let a = n - 21. Calculate the remainder when a is divided by 18.
17
Let f(t) = t**3 + 7*t**2 + 4*t - 10. Let b be f(-6). Let d(g) = 2*g**3 - 3*g**2 + g + 4. What is the remainder when 27 is divided by d(b)?
7
Let t(j) = j**2 - 24*j + 35. Suppose 3*n + 226 = 5*s, -4*s + 148 = -n - 37. What is the remainder when s is divided by t(23)?
11
Let h = 116 + -116. Suppose h = 4*m - 2*y - 748, 2*y - y + 4 = 0. What is the remainder when m is divided by 31?
30
Suppose -4*t = -7*t + 3. Suppose -v + 2 = t. Calculate the remainder when 18 is divided by 8 - 6/(v + -4).
8
Let k = 436 + -380. What is the remainder when 218 is divided by k?
50
Suppose -4*i + 4*y = 0, i + y = -i. Suppose i*u - 10 = -5*u. Suppose 0 = 4*n - u*n - 30. Calculate the remainder when n is divided by 6.
3
What is the remainder when (-5 - -8) + 21/6*4 is divided by 6?
5
Let x = 12 + 2. Let c = -81 + 121. Calculate the remainder when c is divided by x.
12
Let n be (-3 - (-230)/70) + 5178/7. Let a = n + -463. Calculate the remainder when a is divided by 31.
29
Suppose 3*q - 20 = 2*g - 176, -2*q + 146 = 2*g. What is the remainder when 147 is divided by g?
72
Let l(f) = -3*f + 16. Suppose -5*r = -411 + 146. Calculate the remainder when 1/3 - r/(-3) is divided by l(4).
2
Suppose 0 = 17*s - 27*s - 160. Suppose -16 = 5*p + 14. Let o = p - s. What is the remainder when 18 is divided by o?
8
Let s(g) = -6*g - 3. Let a be s(3). Let t be (-7)/(a/12) - 1. Suppose o = -t*o + 308. Calculate the remainder when o is divided by 26.
25
Let r(a) = -13*a + 50. What is the remainder when 11 is divided by r(3)?
0
Suppose -3*y + 290 = 2*y. Suppose -92 = -5*a + y. Let g(u) = u + 66. What is the remainder when g(-8) is divided by a?
28
Let b = 1360 - 1224. Calculate the remainder when b is divided by 40.
16
Let g = 2045 - 2005. What is the remainder when 42 is divided by g?
2
Let a(k) = 3*k**2 + 4*k - 16. What is the remainder when 91 is divided by a(3)?
22
Suppose -16*o + 1536 = 32. Calculate the remainder when o is divided by 19.
18
Suppose 0*f + f = -4. Let a(j) = -2*j**3 - 5*j**2 + 3*j + 6. What is the remainder when a(f) is divided by 20/90 - (-399)/27?
12
Suppose -95 = -7*v + 17. What is the remainder when 25 is divided by v?
9
Suppose -5*y - 4*d = -115, 0*y - d + 76 = 3*y. Let t = y - 17. Calculate the remainder when 29 is divided by t.
9
Let a = 3 + 48. Suppose -52*o = -a*o - 5. Calculate the remainder when 94 is divided by o.
4
Let i = 794 + -419. What is the remainder when i is divided by 54?
51
Suppose 0 = -16*x + 12651 + 1893. What is the remainder when x is divided by 76?
73
Suppose 4*u = 2*u + 6. Suppose j - 9 = -4. Suppose 5*h - 60 = j*b, -6*h + h + 62 = -4*b. What is the remainder when h is divided by u?
2
Let r = 26 + -38. Let v = r - -37. Calculate the remainder when v is divided by 7.
4
Let t be 26 - (2 - 3 - 1)/(-1). Suppose 8*r - 136 + t = 0. Calculate the remainder when 54 is divided by r.
12
Let l = 7 + -2. Suppose 0 = -l*f + 24 - 4. Suppose -3*a + 5 = -5*y, 40 = 3*a + f*y - 2*y. What is the remainder when 39 is divided by a?
9
Suppose -2*d = -5*r - 0*r - 35, 2*r + 10 = 0. Suppose 3*p - 16 = d. Calculate the remainder when p is divided by 4.
3
Let n be 3 - (0 + (-4 - -67)). Let j = n - -181. Suppose 0 = 4*t - j + 29. What is the remainder when t is divided by 6?
5
Let z = 89 - 121. Let t = z + 59. Calculate the remainder when 73 is divided by t.
19
What is the remainder when ((17/(-2))/(-1))/((-7)/(-168)) is divided by 104?
100
Calculate the remainder when 72 is divided by -3*2 + (-465)/(-15).
22
Let s(j) = -j**3 + 12*j**2 + 9*j + 8. Let b(g) = -g**3 - 16*g**2 + 17*g + 12. Let p be b(-17). Calculate the remainder when s(p) is divided by 30.
26
Suppose -3*l = -4*o + 59, -60 = -3*o + 47*l - 50*l. What is the remainder when 201 is divided by o?
14
Suppose 3*x = 318 + 1323. What is the remainder when x is divided by 139?
130
Let a = -222 + 241. What is the remainder when 129 is divided by a?
15
Let q(n) = 31*n - 36. Calculate the remainder when q(3) is divided by 49.
8
Let c(u) = 138*u**2 + 5*u + 3. Let